{"id":406,"date":"2025-05-04T22:43:36","date_gmt":"2025-05-04T22:43:36","guid":{"rendered":"https:\/\/clnmedia.com\/?page_id=406"},"modified":"2025-05-23T21:52:06","modified_gmt":"2025-05-23T21:52:06","slug":"team","status":"publish","type":"page","link":"https:\/\/clnmedia.com\/?page_id=406","title":{"rendered":"Team"},"content":{"rendered":"\t\t<div data-elementor-type=\"wp-page\" data-elementor-id=\"406\" class=\"elementor elementor-406\" data-elementor-post-type=\"page\">\n\t\t\t\t\t\t<section class=\"elementor-section elementor-top-section elementor-element elementor-element-2ac43742 elementor-section-boxed elementor-section-height-default elementor-section-height-default\" data-id=\"2ac43742\" data-element_type=\"section\" data-settings=\"{&quot;background_background&quot;:&quot;classic&quot;}\">\n\t\t\t\t\t\t<div class=\"elementor-container elementor-column-gap-default\">\n\t\t\t\t\t<div class=\"elementor-column elementor-col-100 elementor-top-column elementor-element elementor-element-61d1aca0\" data-id=\"61d1aca0\" data-element_type=\"column\">\n\t\t\t<div class=\"elementor-widget-wrap elementor-element-populated\">\n\t\t\t\t\t\t<div class=\"elementor-element elementor-element-50bb043d elementor-widget__width-initial elementor-absolute elementor-widget-mobile__width-initial elementor-widget elementor-widget-image\" data-id=\"50bb043d\" data-element_type=\"widget\" data-settings=\"{&quot;motion_fx_motion_fx_scrolling&quot;:&quot;yes&quot;,&quot;motion_fx_rotateZ_effect&quot;:&quot;yes&quot;,&quot;motion_fx_rotateZ_speed&quot;:{&quot;unit&quot;:&quot;px&quot;,&quot;size&quot;:&quot;0.4&quot;,&quot;sizes&quot;:[]},&quot;motion_fx_rotateZ_affectedRange&quot;:{&quot;unit&quot;:&quot;%&quot;,&quot;size&quot;:&quot;&quot;,&quot;sizes&quot;:{&quot;start&quot;:&quot;38&quot;,&quot;end&quot;:&quot;83&quot;}},&quot;_position&quot;:&quot;absolute&quot;,&quot;motion_fx_devices&quot;:[&quot;desktop&quot;,&quot;tablet&quot;,&quot;mobile&quot;]}\" data-widget_type=\"image.default\">\n\t\t\t\t<div class=\"elementor-widget-container\">\n\t\t\t\t\t\t\t\t\t\t\t\t\t\t\t<img fetchpriority=\"high\" decoding=\"async\" width=\"218\" height=\"633\" src=\"https:\/\/clnmedia.com\/wp-content\/uploads\/2025\/04\/asset1.png\" class=\"attachment-large size-large wp-image-217\" alt=\"\" srcset=\"https:\/\/clnmedia.com\/wp-content\/uploads\/2025\/04\/asset1.png 218w, https:\/\/clnmedia.com\/wp-content\/uploads\/2025\/04\/asset1-103x300.png 103w\" sizes=\"(max-width: 218px) 100vw, 218px\" \/>\t\t\t\t\t\t\t\t\t\t\t\t\t\t\t<\/div>\n\t\t\t\t<\/div>\n\t\t\t\t<div class=\"elementor-element elementor-element-134d7d90 elementor-widget__width-initial elementor-absolute elementor-widget elementor-widget-image\" data-id=\"134d7d90\" data-element_type=\"widget\" data-settings=\"{&quot;motion_fx_motion_fx_scrolling&quot;:&quot;yes&quot;,&quot;motion_fx_rotateZ_effect&quot;:&quot;yes&quot;,&quot;motion_fx_rotateZ_speed&quot;:{&quot;unit&quot;:&quot;px&quot;,&quot;size&quot;:&quot;0.3&quot;,&quot;sizes&quot;:[]},&quot;motion_fx_rotateZ_affectedRange&quot;:{&quot;unit&quot;:&quot;%&quot;,&quot;size&quot;:&quot;&quot;,&quot;sizes&quot;:{&quot;start&quot;:&quot;1&quot;,&quot;end&quot;:&quot;62&quot;}},&quot;_position&quot;:&quot;absolute&quot;,&quot;motion_fx_devices&quot;:[&quot;desktop&quot;,&quot;tablet&quot;,&quot;mobile&quot;]}\" data-widget_type=\"image.default\">\n\t\t\t\t<div class=\"elementor-widget-container\">\n\t\t\t\t\t\t\t\t\t\t\t\t\t\t\t<img decoding=\"async\" width=\"182\" height=\"500\" src=\"https:\/\/clnmedia.com\/wp-content\/uploads\/2025\/04\/asset3-1.png\" class=\"attachment-large size-large wp-image-220\" alt=\"\" srcset=\"https:\/\/clnmedia.com\/wp-content\/uploads\/2025\/04\/asset3-1.png 182w, https:\/\/clnmedia.com\/wp-content\/uploads\/2025\/04\/asset3-1-109x300.png 109w\" sizes=\"(max-width: 182px) 100vw, 182px\" \/>\t\t\t\t\t\t\t\t\t\t\t\t\t\t\t<\/div>\n\t\t\t\t<\/div>\n\t\t\t\t<div class=\"elementor-element elementor-element-482eaa32 elementor-invisible elementor-widget elementor-widget-heading\" data-id=\"482eaa32\" data-element_type=\"widget\" data-settings=\"{&quot;_animation&quot;:&quot;fadeInDown&quot;}\" data-widget_type=\"heading.default\">\n\t\t\t\t<div class=\"elementor-widget-container\">\n\t\t\t\t\t<h3 class=\"elementor-heading-title elementor-size-default\">Team<\/h3>\t\t\t\t<\/div>\n\t\t\t\t<\/div>\n\t\t\t\t<div class=\"elementor-element elementor-element-6a06b565 elementor-widget__width-initial elementor-absolute elementor-widget-mobile__width-initial elementor-widget-divider--view-line elementor-invisible elementor-widget elementor-widget-divider\" data-id=\"6a06b565\" data-element_type=\"widget\" data-settings=\"{&quot;_position&quot;:&quot;absolute&quot;,&quot;_animation&quot;:&quot;fadeInDown&quot;}\" data-widget_type=\"divider.default\">\n\t\t\t\t<div class=\"elementor-widget-container\">\n\t\t\t\t\t\t\t<div class=\"elementor-divider\">\n\t\t\t<span class=\"elementor-divider-separator\">\n\t\t\t\t\t\t<\/span>\n\t\t<\/div>\n\t\t\t\t\t\t<\/div>\n\t\t\t\t<\/div>\n\t\t\t\t\t<\/div>\n\t\t<\/div>\n\t\t\t\t\t<\/div>\n\t\t<\/section>\n\t\t\t\t<section class=\"elementor-section elementor-top-section elementor-element elementor-element-3dd817dd elementor-section-boxed elementor-section-height-default elementor-section-height-default elementor-invisible\" data-id=\"3dd817dd\" data-element_type=\"section\" data-settings=\"{&quot;animation&quot;:&quot;fadeInUp&quot;}\">\n\t\t\t\t\t\t<div class=\"elementor-container elementor-column-gap-default\">\n\t\t\t\t\t<div class=\"elementor-column elementor-col-50 elementor-top-column elementor-element elementor-element-5de8d4db\" data-id=\"5de8d4db\" data-element_type=\"column\">\n\t\t\t<div class=\"elementor-widget-wrap elementor-element-populated\">\n\t\t\t\t\t\t<div class=\"elementor-element elementor-element-2e8d353e elementor-widget elementor-widget-image\" data-id=\"2e8d353e\" data-element_type=\"widget\" data-widget_type=\"image.default\">\n\t\t\t\t<div class=\"elementor-widget-container\">\n\t\t\t\t\t\t\t\t\t\t\t\t\t\t\t<img decoding=\"async\" src=\"https:\/\/clnmedia.com\/wp-content\/uploads\/elementor\/thumbs\/CLNmedia-2-min-scaled-e1748037107325-r6927waykdwaseqwa2otrl5rfn8tvx643fzychpeao.jpg\" title=\"CLNmedia-2-min\" alt=\"CLNmedia-2-min\" loading=\"lazy\" \/>\t\t\t\t\t\t\t\t\t\t\t\t\t\t\t<\/div>\n\t\t\t\t<\/div>\n\t\t\t\t<div class=\"elementor-element elementor-element-3c82b6d elementor-widget elementor-widget-heading\" data-id=\"3c82b6d\" data-element_type=\"widget\" data-widget_type=\"heading.default\">\n\t\t\t\t<div class=\"elementor-widget-container\">\n\t\t\t\t\t<h5 class=\"elementor-heading-title elementor-size-default\">Celine Barneveld<\/h5>\t\t\t\t<\/div>\n\t\t\t\t<\/div>\n\t\t\t\t<div class=\"elementor-element elementor-element-50cd9191 elementor-widget elementor-widget-heading\" data-id=\"50cd9191\" data-element_type=\"widget\" data-widget_type=\"heading.default\">\n\t\t\t\t<div class=\"elementor-widget-container\">\n\t\t\t\t\t<h2 class=\"elementor-heading-title elementor-size-default\">Founder | Strategic Creative<\/h2>\t\t\t\t<\/div>\n\t\t\t\t<\/div>\n\t\t\t\t<div class=\"elementor-element elementor-element-30566bd elementor-widget elementor-widget-text-editor\" data-id=\"30566bd\" data-element_type=\"widget\" data-widget_type=\"text-editor.default\">\n\t\t\t\t<div class=\"elementor-widget-container\">\n\t\t\t\t\t\t\t\t\t<p>Als oprichter van CLN media zit Celine boordevol idee\u00ebn \u00e9n een scherpe blik. Ze vertaalt creatieve chaos moeiteloos naar slimme contentstrategie\u00ebn. Met haar doordachte aanpak, oog voor detail en gevoel voor stijl zorgt ze dat ieder project klopt; van concept tot eindpost.<b><br \/><br \/><\/b><\/p>\t\t\t\t\t\t\t\t<\/div>\n\t\t\t\t<\/div>\n\t\t\t\t<div class=\"elementor-element elementor-element-1f2b73e elementor-shape-rounded elementor-grid-0 e-grid-align-center elementor-widget elementor-widget-social-icons\" data-id=\"1f2b73e\" data-element_type=\"widget\" data-widget_type=\"social-icons.default\">\n\t\t\t\t<div class=\"elementor-widget-container\">\n\t\t\t\t\t\t\t<div class=\"elementor-social-icons-wrapper elementor-grid\">\n\t\t\t\t\t\t\t<span class=\"elementor-grid-item\">\n\t\t\t\t\t<a class=\"elementor-icon elementor-social-icon elementor-social-icon-icon_mail_alt elementor-repeater-item-9e3d734\" href=\"mailto:celine@clnmedia.com\" target=\"_blank\">\n\t\t\t\t\t\t<span class=\"elementor-screen-only\">Icon_mail_alt<\/span>\n\t\t\t\t\t\t<i class=\" icon_mail_alt\"><\/i>\t\t\t\t\t<\/a>\n\t\t\t\t<\/span>\n\t\t\t\t\t\t\t<span class=\"elementor-grid-item\">\n\t\t\t\t\t<a class=\"elementor-icon elementor-social-icon elementor-social-icon-linkedin elementor-repeater-item-698fa10\" href=\"https:\/\/www.linkedin.com\/celinebarneveld\" target=\"_blank\">\n\t\t\t\t\t\t<span class=\"elementor-screen-only\">Linkedin<\/span>\n\t\t\t\t\t\t<svg class=\"e-font-icon-svg e-fab-linkedin\" viewBox=\"0 0 448 512\" xmlns=\"http:\/\/www.w3.org\/2000\/svg\"><path d=\"M416 32H31.9C14.3 32 0 46.5 0 64.3v383.4C0 465.5 14.3 480 31.9 480H416c17.6 0 32-14.5 32-32.3V64.3c0-17.8-14.4-32.3-32-32.3zM135.4 416H69V202.2h66.5V416zm-33.2-243c-21.3 0-38.5-17.3-38.5-38.5S80.9 96 102.2 96c21.2 0 38.5 17.3 38.5 38.5 0 21.3-17.2 38.5-38.5 38.5zm282.1 243h-66.4V312c0-24.8-.5-56.7-34.5-56.7-34.6 0-39.9 27-39.9 54.9V416h-66.4V202.2h63.7v29.2h.9c8.9-16.8 30.6-34.5 62.9-34.5 67.2 0 79.7 44.3 79.7 101.9V416z\"><\/path><\/svg>\t\t\t\t\t<\/a>\n\t\t\t\t<\/span>\n\t\t\t\t\t<\/div>\n\t\t\t\t\t\t<\/div>\n\t\t\t\t<\/div>\n\t\t\t\t\t<\/div>\n\t\t<\/div>\n\t\t\t\t<div class=\"elementor-column elementor-col-50 elementor-top-column elementor-element elementor-element-468f112\" data-id=\"468f112\" data-element_type=\"column\">\n\t\t\t<div class=\"elementor-widget-wrap elementor-element-populated\">\n\t\t\t\t\t\t<div class=\"elementor-element elementor-element-38f38aa2 elementor-widget elementor-widget-image\" data-id=\"38f38aa2\" data-element_type=\"widget\" data-widget_type=\"image.default\">\n\t\t\t\t<div class=\"elementor-widget-container\">\n\t\t\t\t\t\t\t\t\t\t\t\t\t\t\t<img decoding=\"async\" src=\"https:\/\/clnmedia.com\/wp-content\/uploads\/elementor\/thumbs\/CLN2024-32-scaled-e1746400350769-r5c3442ip5tw1cuw8sop5bb214hife2gsy8nwwh8kg.jpg\" title=\"CLN2024-32\" alt=\"CLN2024-32\" loading=\"lazy\" \/>\t\t\t\t\t\t\t\t\t\t\t\t\t\t\t<\/div>\n\t\t\t\t<\/div>\n\t\t\t\t<div class=\"elementor-element elementor-element-6c626b7c elementor-widget elementor-widget-heading\" data-id=\"6c626b7c\" data-element_type=\"widget\" data-widget_type=\"heading.default\">\n\t\t\t\t<div class=\"elementor-widget-container\">\n\t\t\t\t\t<h5 class=\"elementor-heading-title elementor-size-default\">Rylana Nijhof<\/h5>\t\t\t\t<\/div>\n\t\t\t\t<\/div>\n\t\t\t\t<div class=\"elementor-element elementor-element-7e926780 elementor-widget elementor-widget-heading\" data-id=\"7e926780\" data-element_type=\"widget\" data-widget_type=\"heading.default\">\n\t\t\t\t<div class=\"elementor-widget-container\">\n\t\t\t\t\t<h2 class=\"elementor-heading-title elementor-size-default\">Creative Producer<\/h2>\t\t\t\t<\/div>\n\t\t\t\t<\/div>\n\t\t\t\t<div class=\"elementor-element elementor-element-6d75c7c elementor-widget elementor-widget-text-editor\" data-id=\"6d75c7c\" data-element_type=\"widget\" data-widget_type=\"text-editor.default\">\n\t\t\t\t<div class=\"elementor-widget-container\">\n\t\t\t\t\t\t\t\t\t<p>Met haar enthousiasme en aanstekelijke energie brengt Rylana elk contentidee tot leven. Ze denkt mee op conceptniveau, schudt moeiteloos pakkende teksten uit haar mouw en houdt altijd het grotere plaatje in de gaten. Creatief, scherp en altijd met een glimlach.<\/p>\t\t\t\t\t\t\t\t<\/div>\n\t\t\t\t<\/div>\n\t\t\t\t<div class=\"elementor-element elementor-element-71a78e83 elementor-shape-rounded elementor-grid-0 e-grid-align-center elementor-widget elementor-widget-social-icons\" data-id=\"71a78e83\" data-element_type=\"widget\" data-widget_type=\"social-icons.default\">\n\t\t\t\t<div class=\"elementor-widget-container\">\n\t\t\t\t\t\t\t<div class=\"elementor-social-icons-wrapper elementor-grid\">\n\t\t\t\t\t\t\t<span class=\"elementor-grid-item\">\n\t\t\t\t\t<a class=\"elementor-icon elementor-social-icon elementor-social-icon-icon_mail_alt elementor-repeater-item-9e3d734\" href=\"mailto:rylana@clnmedia.com\" target=\"_blank\">\n\t\t\t\t\t\t<span class=\"elementor-screen-only\">Icon_mail_alt<\/span>\n\t\t\t\t\t\t<i class=\" icon_mail_alt\"><\/i>\t\t\t\t\t<\/a>\n\t\t\t\t<\/span>\n\t\t\t\t\t\t\t<span class=\"elementor-grid-item\">\n\t\t\t\t\t<a class=\"elementor-icon elementor-social-icon elementor-social-icon-linkedin elementor-repeater-item-698fa10\" href=\"https:\/\/www.linkedin.com\/rylananijhof\" target=\"_blank\">\n\t\t\t\t\t\t<span class=\"elementor-screen-only\">Linkedin<\/span>\n\t\t\t\t\t\t<svg class=\"e-font-icon-svg e-fab-linkedin\" viewBox=\"0 0 448 512\" xmlns=\"http:\/\/www.w3.org\/2000\/svg\"><path d=\"M416 32H31.9C14.3 32 0 46.5 0 64.3v383.4C0 465.5 14.3 480 31.9 480H416c17.6 0 32-14.5 32-32.3V64.3c0-17.8-14.4-32.3-32-32.3zM135.4 416H69V202.2h66.5V416zm-33.2-243c-21.3 0-38.5-17.3-38.5-38.5S80.9 96 102.2 96c21.2 0 38.5 17.3 38.5 38.5 0 21.3-17.2 38.5-38.5 38.5zm282.1 243h-66.4V312c0-24.8-.5-56.7-34.5-56.7-34.6 0-39.9 27-39.9 54.9V416h-66.4V202.2h63.7v29.2h.9c8.9-16.8 30.6-34.5 62.9-34.5 67.2 0 79.7 44.3 79.7 101.9V416z\"><\/path><\/svg>\t\t\t\t\t<\/a>\n\t\t\t\t<\/span>\n\t\t\t\t\t<\/div>\n\t\t\t\t\t\t<\/div>\n\t\t\t\t<\/div>\n\t\t\t\t\t<\/div>\n\t\t<\/div>\n\t\t\t\t\t<\/div>\n\t\t<\/section>\n\t\t\t\t<section class=\"elementor-section elementor-top-section elementor-element elementor-element-1289f7dd elementor-section-boxed elementor-section-height-default elementor-section-height-default\" data-id=\"1289f7dd\" data-element_type=\"section\">\n\t\t\t\t\t\t<div class=\"elementor-container elementor-column-gap-default\">\n\t\t\t\t\t<div class=\"elementor-column elementor-col-50 elementor-top-column elementor-element elementor-element-2e9ffdde\" data-id=\"2e9ffdde\" data-element_type=\"column\">\n\t\t\t<div class=\"elementor-widget-wrap elementor-element-populated\">\n\t\t\t\t\t\t<div class=\"elementor-element elementor-element-5f6b1bb5 elementor-invisible elementor-widget elementor-widget-heading\" data-id=\"5f6b1bb5\" data-element_type=\"widget\" data-settings=\"{&quot;_animation&quot;:&quot;fadeInDown&quot;}\" data-widget_type=\"heading.default\">\n\t\t\t\t<div class=\"elementor-widget-container\">\n\t\t\t\t\t<h1 class=\"elementor-heading-title elementor-size-default\">Samen sterk in creativiteit<\/h1>\t\t\t\t<\/div>\n\t\t\t\t<\/div>\n\t\t\t\t\t<\/div>\n\t\t<\/div>\n\t\t\t\t<div class=\"elementor-column elementor-col-50 elementor-top-column elementor-element elementor-element-35e68a77\" data-id=\"35e68a77\" data-element_type=\"column\">\n\t\t\t<div class=\"elementor-widget-wrap elementor-element-populated\">\n\t\t\t\t\t\t<div class=\"elementor-element elementor-element-57fec97e elementor-invisible elementor-widget elementor-widget-text-editor\" data-id=\"57fec97e\" data-element_type=\"widget\" data-settings=\"{&quot;_animation&quot;:&quot;fadeInRight&quot;}\" data-widget_type=\"text-editor.default\">\n\t\t\t\t<div class=\"elementor-widget-container\">\n\t\t\t\t\t\t\t\t\t<p>We zijn een klein maar creatief team dat barst van de idee\u00ebn (en soms van de koffie). Samen zijn we elke dag bezig met toffe content voor ons nog toffere klanten. Mogen we jou binnenkort ook vertegenwoordigen? We hebben nog ruimte, dus neem gelijk contact op!\u00a0<\/p>\t\t\t\t\t\t\t\t<\/div>\n\t\t\t\t<\/div>\n\t\t\t\t<div class=\"elementor-element elementor-element-4807bdfb elementor-align-left elementor-tablet-align-justify elementor-widget elementor-widget-button\" data-id=\"4807bdfb\" data-element_type=\"widget\" data-widget_type=\"button.default\">\n\t\t\t\t<div class=\"elementor-widget-container\">\n\t\t\t\t\t\t\t\t\t<div class=\"elementor-button-wrapper\">\n\t\t\t\t\t<a class=\"elementor-button elementor-button-link elementor-size-sm\" href=\"https:\/\/clnmedia.com\/?page_id=414\">\n\t\t\t\t\t\t<span class=\"elementor-button-content-wrapper\">\n\t\t\t\t\t\t<span class=\"elementor-button-icon\">\n\t\t\t\t<svg aria-hidden=\"true\" class=\"e-font-icon-svg e-fas-arrow-right\" viewBox=\"0 0 448 512\" xmlns=\"http:\/\/www.w3.org\/2000\/svg\"><path d=\"M190.5 66.9l22.2-22.2c9.4-9.4 24.6-9.4 33.9 0L441 239c9.4 9.4 9.4 24.6 0 33.9L246.6 467.3c-9.4 9.4-24.6 9.4-33.9 0l-22.2-22.2c-9.5-9.5-9.3-25 .4-34.3L311.4 296H24c-13.3 0-24-10.7-24-24v-32c0-13.3 10.7-24 24-24h287.4L190.9 101.2c-9.8-9.3-10-24.8-.4-34.3z\"><\/path><\/svg>\t\t\t<\/span>\n\t\t\t\t\t\t\t\t\t<span class=\"elementor-button-text\">Let's get in touch<\/span>\n\t\t\t\t\t<\/span>\n\t\t\t\t\t<\/a>\n\t\t\t\t<\/div>\n\t\t\t\t\t\t\t\t<\/div>\n\t\t\t\t<\/div>\n\t\t\t\t\t<\/div>\n\t\t<\/div>\n\t\t\t\t\t<\/div>\n\t\t<\/section>\n\t\t\t\t<\/div>\n\t\t","protected":false},"excerpt":{"rendered":"<p>Team Celine Barneveld Founder | Strategic Creative Als oprichter van CLN media zit Celine boordevol idee\u00ebn \u00e9n een scherpe blik. Ze vertaalt creatieve chaos moeiteloos naar slimme contentstrategie\u00ebn. Met haar doordachte aanpak, oog voor detail en gevoel voor stijl zorgt ze dat ieder project klopt; van concept tot eindpost. Icon_mail_alt Linkedin Rylana Nijhof Creative Producer [&hellip;]<\/p>\n","protected":false},"author":1,"featured_media":0,"parent":0,"menu_order":0,"comment_status":"closed","ping_status":"closed","template":"elementor_header_footer","meta":{"footnotes":""},"class_list":["post-406","page","type-page","status-publish","hentry"],"yoast_head":"<!-- This site is optimized with the Yoast SEO plugin v25.0 - https:\/\/yoast.com\/wordpress\/plugins\/seo\/ -->\n<title>Team - CLN media<\/title>\n<meta name=\"robots\" content=\"index, follow, max-snippet:-1, max-image-preview:large, max-video-preview:-1\" \/>\n<link rel=\"canonical\" href=\"https:\/\/clnmedia.com\/?page_id=406\" \/>\n<meta property=\"og:locale\" content=\"nl_NL\" \/>\n<meta property=\"og:type\" content=\"article\" \/>\n<meta property=\"og:title\" content=\"Team - CLN media\" \/>\n<meta property=\"og:description\" content=\"Team Celine Barneveld Founder | Strategic Creative Als oprichter van CLN media zit Celine boordevol idee\u00ebn \u00e9n een scherpe blik. Ze vertaalt creatieve chaos moeiteloos naar slimme contentstrategie\u00ebn. Met haar doordachte aanpak, oog voor detail en gevoel voor stijl zorgt ze dat ieder project klopt; van concept tot eindpost. Icon_mail_alt Linkedin Rylana Nijhof Creative Producer [&hellip;]\" \/>\n<meta property=\"og:url\" content=\"https:\/\/clnmedia.com\/?page_id=406\" \/>\n<meta property=\"og:site_name\" content=\"CLN media\" \/>\n<meta property=\"article:modified_time\" content=\"2025-05-23T21:52:06+00:00\" \/>\n<meta property=\"og:image\" content=\"https:\/\/clnmedia.com\/wp-content\/uploads\/2025\/04\/asset1.png\" \/>\n\t<meta property=\"og:image:width\" content=\"218\" \/>\n\t<meta property=\"og:image:height\" content=\"633\" \/>\n\t<meta property=\"og:image:type\" content=\"image\/png\" \/>\n<meta name=\"twitter:card\" content=\"summary_large_image\" \/>\n<meta name=\"twitter:label1\" content=\"Geschatte leestijd\" \/>\n\t<meta name=\"twitter:data1\" content=\"2 minuten\" \/>\n<script type=\"application\/ld+json\" class=\"yoast-schema-graph\">{\"@context\":\"https:\/\/schema.org\",\"@graph\":[{\"@type\":\"WebPage\",\"@id\":\"https:\/\/clnmedia.com\/?page_id=406\",\"url\":\"https:\/\/clnmedia.com\/?page_id=406\",\"name\":\"Team - CLN media\",\"isPartOf\":{\"@id\":\"https:\/\/clnmedia.com\/#website\"},\"primaryImageOfPage\":{\"@id\":\"https:\/\/clnmedia.com\/?page_id=406#primaryimage\"},\"image\":{\"@id\":\"https:\/\/clnmedia.com\/?page_id=406#primaryimage\"},\"thumbnailUrl\":\"https:\/\/clnmedia.com\/wp-content\/uploads\/2025\/04\/asset1.png\",\"datePublished\":\"2025-05-04T22:43:36+00:00\",\"dateModified\":\"2025-05-23T21:52:06+00:00\",\"breadcrumb\":{\"@id\":\"https:\/\/clnmedia.com\/?page_id=406#breadcrumb\"},\"inLanguage\":\"nl-NL\",\"potentialAction\":[{\"@type\":\"ReadAction\",\"target\":[\"https:\/\/clnmedia.com\/?page_id=406\"]}]},{\"@type\":\"ImageObject\",\"inLanguage\":\"nl-NL\",\"@id\":\"https:\/\/clnmedia.com\/?page_id=406#primaryimage\",\"url\":\"https:\/\/clnmedia.com\/wp-content\/uploads\/2025\/04\/asset1.png\",\"contentUrl\":\"https:\/\/clnmedia.com\/wp-content\/uploads\/2025\/04\/asset1.png\",\"width\":218,\"height\":633},{\"@type\":\"BreadcrumbList\",\"@id\":\"https:\/\/clnmedia.com\/?page_id=406#breadcrumb\",\"itemListElement\":[{\"@type\":\"ListItem\",\"position\":1,\"name\":\"Home\",\"item\":\"https:\/\/clnmedia.com\/\"},{\"@type\":\"ListItem\",\"position\":2,\"name\":\"Team\"}]},{\"@type\":\"WebSite\",\"@id\":\"https:\/\/clnmedia.com\/#website\",\"url\":\"https:\/\/clnmedia.com\/\",\"name\":\"CLN media\",\"description\":\"Full-service contentcreatie\",\"publisher\":{\"@id\":\"https:\/\/clnmedia.com\/#organization\"},\"potentialAction\":[{\"@type\":\"SearchAction\",\"target\":{\"@type\":\"EntryPoint\",\"urlTemplate\":\"https:\/\/clnmedia.com\/?s={search_term_string}\"},\"query-input\":{\"@type\":\"PropertyValueSpecification\",\"valueRequired\":true,\"valueName\":\"search_term_string\"}}],\"inLanguage\":\"nl-NL\"},{\"@type\":\"Organization\",\"@id\":\"https:\/\/clnmedia.com\/#organization\",\"name\":\"CLN media\",\"url\":\"https:\/\/clnmedia.com\/\",\"logo\":{\"@type\":\"ImageObject\",\"inLanguage\":\"nl-NL\",\"@id\":\"https:\/\/clnmedia.com\/#\/schema\/logo\/image\/\",\"url\":\"https:\/\/clnmedia.com\/wp-content\/uploads\/2025\/05\/cropped-icon.png\",\"contentUrl\":\"https:\/\/clnmedia.com\/wp-content\/uploads\/2025\/05\/cropped-icon.png\",\"width\":1080,\"height\":1080,\"caption\":\"CLN media\"},\"image\":{\"@id\":\"https:\/\/clnmedia.com\/#\/schema\/logo\/image\/\"}}]}<\/script>\n<!-- \/ Yoast SEO plugin. -->","yoast_head_json":{"title":"Team - CLN media","robots":{"index":"index","follow":"follow","max-snippet":"max-snippet:-1","max-image-preview":"max-image-preview:large","max-video-preview":"max-video-preview:-1"},"canonical":"https:\/\/clnmedia.com\/?page_id=406","og_locale":"nl_NL","og_type":"article","og_title":"Team - CLN media","og_description":"Team Celine Barneveld Founder | Strategic Creative Als oprichter van CLN media zit Celine boordevol idee\u00ebn \u00e9n een scherpe blik. Ze vertaalt creatieve chaos moeiteloos naar slimme contentstrategie\u00ebn. Met haar doordachte aanpak, oog voor detail en gevoel voor stijl zorgt ze dat ieder project klopt; van concept tot eindpost. Icon_mail_alt Linkedin Rylana Nijhof Creative Producer [&hellip;]","og_url":"https:\/\/clnmedia.com\/?page_id=406","og_site_name":"CLN media","article_modified_time":"2025-05-23T21:52:06+00:00","og_image":[{"width":218,"height":633,"url":"https:\/\/clnmedia.com\/wp-content\/uploads\/2025\/04\/asset1.png","type":"image\/png"}],"twitter_card":"summary_large_image","twitter_misc":{"Geschatte leestijd":"2 minuten"},"schema":{"@context":"https:\/\/schema.org","@graph":[{"@type":"WebPage","@id":"https:\/\/clnmedia.com\/?page_id=406","url":"https:\/\/clnmedia.com\/?page_id=406","name":"Team - CLN media","isPartOf":{"@id":"https:\/\/clnmedia.com\/#website"},"primaryImageOfPage":{"@id":"https:\/\/clnmedia.com\/?page_id=406#primaryimage"},"image":{"@id":"https:\/\/clnmedia.com\/?page_id=406#primaryimage"},"thumbnailUrl":"https:\/\/clnmedia.com\/wp-content\/uploads\/2025\/04\/asset1.png","datePublished":"2025-05-04T22:43:36+00:00","dateModified":"2025-05-23T21:52:06+00:00","breadcrumb":{"@id":"https:\/\/clnmedia.com\/?page_id=406#breadcrumb"},"inLanguage":"nl-NL","potentialAction":[{"@type":"ReadAction","target":["https:\/\/clnmedia.com\/?page_id=406"]}]},{"@type":"ImageObject","inLanguage":"nl-NL","@id":"https:\/\/clnmedia.com\/?page_id=406#primaryimage","url":"https:\/\/clnmedia.com\/wp-content\/uploads\/2025\/04\/asset1.png","contentUrl":"https:\/\/clnmedia.com\/wp-content\/uploads\/2025\/04\/asset1.png","width":218,"height":633},{"@type":"BreadcrumbList","@id":"https:\/\/clnmedia.com\/?page_id=406#breadcrumb","itemListElement":[{"@type":"ListItem","position":1,"name":"Home","item":"https:\/\/clnmedia.com\/"},{"@type":"ListItem","position":2,"name":"Team"}]},{"@type":"WebSite","@id":"https:\/\/clnmedia.com\/#website","url":"https:\/\/clnmedia.com\/","name":"CLN media","description":"Full-service contentcreatie","publisher":{"@id":"https:\/\/clnmedia.com\/#organization"},"potentialAction":[{"@type":"SearchAction","target":{"@type":"EntryPoint","urlTemplate":"https:\/\/clnmedia.com\/?s={search_term_string}"},"query-input":{"@type":"PropertyValueSpecification","valueRequired":true,"valueName":"search_term_string"}}],"inLanguage":"nl-NL"},{"@type":"Organization","@id":"https:\/\/clnmedia.com\/#organization","name":"CLN media","url":"https:\/\/clnmedia.com\/","logo":{"@type":"ImageObject","inLanguage":"nl-NL","@id":"https:\/\/clnmedia.com\/#\/schema\/logo\/image\/","url":"https:\/\/clnmedia.com\/wp-content\/uploads\/2025\/05\/cropped-icon.png","contentUrl":"https:\/\/clnmedia.com\/wp-content\/uploads\/2025\/05\/cropped-icon.png","width":1080,"height":1080,"caption":"CLN media"},"image":{"@id":"https:\/\/clnmedia.com\/#\/schema\/logo\/image\/"}}]}},"_links":{"self":[{"href":"https:\/\/clnmedia.com\/index.php?rest_route=\/wp\/v2\/pages\/406","targetHints":{"allow":["GET"]}}],"collection":[{"href":"https:\/\/clnmedia.com\/index.php?rest_route=\/wp\/v2\/pages"}],"about":[{"href":"https:\/\/clnmedia.com\/index.php?rest_route=\/wp\/v2\/types\/page"}],"author":[{"embeddable":true,"href":"https:\/\/clnmedia.com\/index.php?rest_route=\/wp\/v2\/users\/1"}],"replies":[{"embeddable":true,"href":"https:\/\/clnmedia.com\/index.php?rest_route=%2Fwp%2Fv2%2Fcomments&post=406"}],"version-history":[{"count":19,"href":"https:\/\/clnmedia.com\/index.php?rest_route=\/wp\/v2\/pages\/406\/revisions"}],"predecessor-version":[{"id":542,"href":"https:\/\/clnmedia.com\/index.php?rest_route=\/wp\/v2\/pages\/406\/revisions\/542"}],"wp:attachment":[{"href":"https:\/\/clnmedia.com\/index.php?rest_route=%2Fwp%2Fv2%2Fmedia&parent=406"}],"curies":[{"name":"wp","href":"https:\/\/api.w.org\/{rel}","templated":true}]}}